 = -l*v, 0 = 3*x - 2*v - 13. Suppose -3*s + 18 = q - 2*s, q + x*s = 24. What is the tens digit of q?
1
Suppose 3*m = -2*z + 28, -32 = 7*m - 8*m + 5*z. What is the hundreds digit of (-1779)/(-6) + m/24?
2
Let m(u) = 6*u**3 + 13*u**2 - 3*u + 7. Let t be m(4). Let j = t - 432. What is the units digit of j?
5
Suppose 0 = -40*b - 55*b + 2672160. What is the thousands digit of b?
8
What is the hundreds digit of (-115008)/(-28) + 108/(-252)?
1
Suppose 0*n = -5*q - n + 35, -5*q + 35 = 3*n. Let i = 2595 + -2588. Suppose i*w - 1344 = -q*w. What is the tens digit of w?
9
Suppose 0 = -170*j - 49*j - 338934 + 13016187. What is the thousands digit of j?
7
What is the units digit of ((-130)/78)/(10/(-225444))?
4
Let y(o) be the first derivative of -o**4/4 - 5*o**3/3 + 9*o**2/2 + 20*o - 12. Let c be y(-6). Suppose 13*g = c*g + 319. What is the units digit of g?
9
What is the tens digit of ((-44)/10 - -2)/((-2)/(-5)) - -4082?
7
Let b(c) = -c**3 + 22*c**2 - 17*c + 17. Let p be b(21). Suppose -10*q - p = -31. Let i(z) = -7*z + 36. What is the units digit of i(q)?
5
Suppose -10 = 6*g - g. Let y be 2 - -80 - (-6)/(1 - g). Suppose -y = -7*q + 4*q. What is the tens digit of q?
2
Suppose 12 = -x - 5. Let r(d) = -1221*d**2 + 13*d + 2 + 1219*d**2 - 55*d. What is the hundreds digit of r(x)?
1
What is the thousands digit of (-21747)/(-5) + 2/(-5)?
4
Suppose -20*z + 64 = -24*z. Let r be 4/z*0 + 3. Suppose 4*a - 4*u = 524, u + 524 = a + r*a. What is the hundreds digit of a?
1
Let i(y) = 13687*y - 3451. What is the units digit of i(5)?
4
Let o = 97 - 60. Suppose -40 = -11*k + o. Suppose 0 = -3*p - 4*u + 169, -p + 3*u = -46 + k. What is the tens digit of p?
5
Suppose -5*f - 16 = -5*o + 4, -5*o = -2*f - 23. Suppose -q = -o, 497 + 2428 = 5*j - 2*q. What is the hundreds digit of j?
5
Suppose 0 = 9*o - 8*o - 16. Let d = o - 14. What is the tens digit of ((-40)/25)/(d/(-180)*2)?
7
Let j(k) = -3*k + 2*k - 4 + 8. Let p be j(-10). What is the tens digit of 535/7 - 6/p?
7
What is the hundreds digit of (-1 + -1 - 1) + (-12 - (7 + -2355))?
3
Let l be -10*((-14)/35 - 0). Suppose l*w - 658 = -f + 9*w, 5*f + 2*w = 3425. What is the hundreds digit of f?
6
Let g = -49 + 94. Suppose -15 = -g*z + 42*z. Suppose 0 = z*k - 2*n - 3*n - 755, 0 = -2*k - n + 290. What is the hundreds digit of k?
1
Suppose 0 = 3*g - 5*d - 420, -g - 2*d = -7*d - 150. Suppose -2*v - 3837 - g = -5*w, 0 = -3*w - 3*v + 2400. What is the hundreds digit of w?
7
Suppose -17105 - 7246 = -3*f. What is the hundreds digit of f?
1
Let a = -146 + 144. Let r(d) = -51*d**3 - d**2 - 3*d - 1. What is the units digit of r(a)?
9
Suppose 0 = -3*w - 11 + 17. What is the units digit of ((-3)/2 + w)*-6*-298?
4
What is the hundreds digit of (-94 + 90)*2*(-325895)/40?
1
Let t(f) = -213*f - 9. Let w be t(2). Let a = 1403 + w. What is the units digit of a?
8
Let a(h) = 1734*h**3 - 22*h**2 + 2*h - 11. Let q(k) = -578*k**3 + 8*k**2 - k + 4. Let g(z) = 6*a(z) + 17*q(z). What is the tens digit of g(1)?
7
Suppose 0 = 3*y + 4*n - 21561, -2*y - 2*n + 15577 = 1207. What is the thousands digit of y?
7
Let a(n) = -26*n + 127. Suppose 8*r - 48 = 16*r. What is the hundreds digit of a(r)?
2
Suppose -4*b + w = -70715, -17*b + 18*b - 17705 = 4*w. What is the thousands digit of b?
7
Suppose -2954 = 63*j - 61*j. Let q = -713 - j. Suppose q = 3*f + 137. What is the hundreds digit of f?
2
Suppose -3*p + 1 - 11 = 2*o, 10 = 2*p - 2*o. What is the tens digit of p + 38 - (-6 + 10)?
3
Let m(h) = 389*h**2 - 92*h + 877. What is the ten thousands digit of m(8)?
2
Let s(p) = -p**3 - 24*p**2 - 12*p + 8. Let z be s(-24). Let x = -269 + z. What is the tens digit of x?
2
Let r(d) = -46*d + 97. Let q be r(-15). Suppose -q = -11*f + 2667. What is the tens digit of f?
1
What is the thousands digit of ((-3)/(-6))/((-30)/(-554340))?
9
Let o = 121 + -118. What is the units digit of 16/o*129 + 4/2?
0
Let a(s) be the first derivative of -s**4/4 - 2*s**3 - s**2/2 + 10*s - 114. What is the units digit of a(-13)?
6
Suppose -819 = -6*p + 49053. What is the thousands digit of p?
8
Let r(l) = 64*l + 44. Let i(j) = -2*j. Let y(k) = 4*i(k) - r(k). What is the hundreds digit of y(-4)?
2
Suppose 425 = 3*l + s, 2*l + s - 3*s - 270 = 0. Let o = l + 125. Let b = -121 + o. What is the tens digit of b?
4
Let c = 2 + 27. Suppose -19 - c = 3*k. Let n = -11 - k. What is the units digit of n?
5
Let x be (36*(51/(-9) + 2))/1. Let p = 200 + x. Suppose -5*h - p = -j - 297, -2*h + 97 = 5*j. What is the units digit of h?
6
Suppose -6553 = -t - 5*o, 4*t - 26272 = -217*o + 212*o. What is the tens digit of t?
7
Suppose 0 = -2394*p + 2444*p - 1921550. What is the thousands digit of p?
8
Let m = 2612 - -1465. What is the tens digit of m?
7
Let v be 2452/(-20) - 3/(-5). What is the tens digit of (4/8 - 0)/((-1)/v)?
6
Let s = -784 - -1509. Let f = s - -156. Suppose f = 5*v - 284. What is the tens digit of v?
3
Suppose 0 = -2*u - 3*r + 3479, 3*u - 6948 = -u - 4*r. What is the hundreds digit of u?
7
Let h be (-8 - -5)/(-9) + 8/3. Suppose 0 = 3*s + 2*b - 1786, 1774 = h*s + b + 4*b. What is the hundreds digit of s?
5
Let n = 93 - 75. What is the units digit of (-60)/n*1269/(-15)?
2
Suppose 25*p + 114110 = 331799 + 183111. What is the hundreds digit of p?
0
What is the ten thousands digit of -13 + 38260 - (48 + -48)?
3
Let t(m) = -m**2 + 4*m + 3. Let h(i) = i**2 + 1. Let u(p) = -2*h(p) - t(p). Let g be u(-2). What is the units digit of (21/9)/(g/(-3))?
7
What is the hundreds digit of -201*(9 + 4490/(-30))?
2
Let z(h) = -3 - 27*h + 55*h - 29*h. Let a be z(-5). Suppose 7*w = 4*w + a*m + 239, -3*w + 251 = 4*m. What is the tens digit of w?
8
Suppose 24 - 45 = 3*c. Let k(t) = -91*t - 373. What is the units digit of k(c)?
4
Let g = -39 + 39. Suppose -i = 1, g = 4*v - 4*i - 16 - 44. Suppose v*x - 15*x + 90 = 0. What is the tens digit of x?
9
Suppose 10*n - 846 = 16*n. What is the tens digit of -3 - 82/(-26) - n/13?
1
Suppose k - 83598 = -5*u, -9*u + 12*u - 50178 = -7*k. What is the hundreds digit of u?
7
Let d = -144 + 165. Let h(b) = -b**3 + 21*b**2 + 27*b + 3. What is the hundreds digit of h(d)?
5
What is the hundreds digit of 4/18 + ((-3)/4 - (-56506925)/1692)?
3
Suppose -3*m + 5722 = r - 2*r, -7646 = -4*m - 2*r. Let n = m - 1327. What is the tens digit of n?
8
Let f(s) = -17*s**3 - 3*s**2 - 22*s + 1. What is the tens digit of f(-7)?
3
Suppose -12*f = -5*f - 21. Suppose 11*d - f = 10*d. Suppose -5*s + 20 = 5*c, c - 9 = -2*s - d. What is the units digit of c?
2
Let f(g) = -g**3 + 5*g**2 - 5*g + 3. Suppose -p + 6*p = 15. Let c be f(p). Suppose -c*i = 3*i - 9. What is the units digit of i?
1
Let n be (-44)/(-330) - 11824/30. Let x = 1663 + n. What is the units digit of x?
9
Let f = -96 + 135. Let g = f - 35. Suppose 7*x - g*x = 327. What is the tens digit of x?
0
Suppose -20*i + 16*i + 27583 = -x, -2*i = -x - 13793. What is the hundreds digit of i?
8
Let l(z) = z**3 + 2*z**2 - 4*z + 1. Let a be l(-3). Suppose -m - 4*u + 11 = -11, 20 = a*m - u. Suppose -3*f + m + 39 = 0. What is the tens digit of f?
1
Let g(h) = 2*h**2 - 4*h - 54. Let y be g(-5). What is the units digit of -1*(y/(-24))/(6/927)?
3
Suppose -299460 = -23921*w + 23886*w. What is the thousands digit of w?
8
Suppose 92*b = -71*b + 12363550. What is the units digit of b?
0
Let l(o) = -618*o + 617. What is the thousands digit of l(-18)?
1
Let t(u) be the first derivative of 14*u**2 - 59*u + 3. What is the hundreds digit of t(7)?
1
Suppose -3*n - 2*y = -10, -y - 14 = -3*n + y. Suppose r - 2 = g + g, -4*r - g + 8 = 0. Let p = n + r. What is the units digit of p?
6
Let n = -1223 - -16269. What is the ten thousands digit of n?
1
Let b(u) = -u**3 + 11*u**2 - 8*u - 16. Suppose 3*t + 2*t + 335 = 3*y, 0 = 3*t + y + 201. Let q = t - -74. What is the tens digit of b(q)?
2
Suppose 2*b - 6*b + 172 = 4*o, o = 4*b - 172. Let f be 0/(-2) + -1 + b. Let a = f - 41. What is the units digit of a?
1
Suppose 0 = m + 146 - 1516. Suppose -2*r + 892 = -m. What is the hundreds digit of r?
1
Suppose -44955 - 46981 = -5*y - 3*r, 3*r = y - 18380. What is the hundreds digit of y?
3
Let y(t) = 4430*t + 1176. What is the hundreds digit of y(4)?
8
Let t = -78246 - -141534. What is the tens digit of t?
8
Suppose 338 - 10 = -8*q. Let c = 203 - q. What is the units digit of c?
4
Suppose -23*h - 22